10
Let n(z) = -z**2 - 5*z - 9. Let r(u) = u. Let m(w) = -n(w) + 4*r(w). Determine m(-7).
-5
Let b(w) = 4*w**2 + 5*w + 1. Let f(s) = 11*s**2 + 15*s + 4. Let o(g) = -8*b(g) + 3*f(g). Calculate o(-4).
0
Let w(s) be the first derivative of s**2 - 8*s - 31. Give w(7).
6
Let p(b) = -b + 7. Let r be p(-3). Let i(c) = c**3 - 9*c**2 - 11*c + 11. Let o be i(r). Let d(u) = 13*u**3 - u**2 - u + 1. Determine d(o).
12
Let o(q) be the third derivative of -q**6/120 - q**5/60 - q**3/6 - 3*q**2. Let m = -7 - -11. Suppose w = -2*b - m, 0*b + 4*b + 14 = -5*w. Determine o(w).
3
Let a(d) = -2*d**3 - 4*d**2 - 2*d. Let g(x) = x**2 - 12*x + 9. Let p be g(11). Calculate a(p).
4
Let n = -11 + 29. Suppose 4*b = -4*k + 6*b + n, -42 = -5*k - 4*b. Let d(p) = -p**3 + 5*p**2 + 8*p - 6. Calculate d(k).
6
Suppose 4*z - 15 = -7. Let m(f) = -f + 1. Determine m(z).
-1
Let o be (-5)/(-15) + (-22)/(-6). Let m(x) = -o*x - x**2 + 0*x**2 + 10*x - 7. Give m(5).
-2
Let t(m) = m**3 + 9*m**2 - m - 6. Let v be t(-9). Let u(b) = b**3 - 4*b**2 + 2*b + 4. Calculate u(v).
1
Let i be (-9)/(-15)*1*-5. Let m(k) = -k**3 - 2*k**2 + 2*k - 2. Give m(i).
1
Let k(s) = 3*s. Let o = 13 + -13. Suppose 2*x + 6 = 3*i - 3, o = 4*x - 5*i + 13. Give k(x).
9
Let a be (-48)/(-21) - 4/14. Let p = -4 + 6. Let t(k) = -p*k**2 - k**2 + 3*k - k. Determine t(a).
-8
Let u(x) = -6*x**2 - 1. Let i(s) = -11*s**2 + s - 1. Let o(y) = 4*i(y) - 7*u(y). Let r(z) = z**3 + 11*z**2 - 11*z + 16. Let n be r(-12). Give o(n).
-13
Let c be (18/10)/3*-5. Let w = 3 - -2. Let g(h) = w*h**2 - 10*h**2 + 4*h**2. Determine g(c).
-9
Let l(h) = h**3 - 9*h**2 + 9*h + 8. Let y be l(8). Suppose -p + y = -0*p. Suppose 2*f - 6 = -p. Let g(m) = 2*m + 3. Give g(f).
-7
Let g(j) = -3*j + 0*j + 6*j - 2 - 4. Determine g(4).
6
Let m(d) = d**3 + 2*d**2 + 4*d + 2. Let f = 22 + -20. Suppose -4 = -3*i - 0*u - f*u, i - 3 = -u. What is m(i)?
-6
Let c(r) = r**3 - 4*r**2 - 5*r + 7. Let o = 20 + -14. Suppose 0*p + 30 = o*p. What is c(p)?
7
Let z(u) = -18*u - 1. Let y be z(-1). Suppose b = 5*d - 0*b - y, b = 3. Let s(f) = 0*f + f - 2*f. Calculate s(d).
-4
Suppose 0 = 5*d - 14 - 1. Let l(j) = -j - 8. Let m(s) = 4. Let t(n) = 2*l(n) + 5*m(n). Calculate t(d).
-2
Let w(y) = -66 + 8*y**2 + 67 - 5*y**2 + 4*y**2. Determine w(-1).
8
Let f(b) = -b + 3. Suppose -3*j - j + 22 = -k, -3*k + 4 = 2*j. Give f(j).
-2
Let j(r) = -r**2 - 7*r + 6. Let x(n) = n**2 + 6*n - 5. Let z(c) = 5*j(c) + 6*x(c). Determine z(2).
6
Let i(g) be the first derivative of g**4/4 - g**3/3 - 3*g + 1. Let v = 9 - 9. What is i(v)?
-3
Let j(k) = k**3 - 4*k**2 - 3*k - 1. Let o be (-10)/35 - (-74)/14. Determine j(o).
9
Let i(p) be the first derivative of -p**2/2 - 10*p + 3. What is i(-6)?
-4
Let t(w) = -8*w - 8. Let z be t(-2). Let f(r) = r**3 - 9*r**2 + 7*r + 3. What is f(z)?
-5
Let c(z) = 2*z + 10*z**2 + 17*z**2 - 26*z**2 - z. Calculate c(0).
0
Let v(d) = d + 2. Let m be v(1). Let u(x) = 61*x - x**m + 0 + 1 - 62*x. Let t = -3 - -4. Determine u(t).
-1
Let c(r) = -2*r**2 + 27*r - 14. Let v be c(13). Let y(b) = -4*b**2 - 2*b - 1. Give y(v).
-3
Let k(g) = -g + 2. Let h be (2 - 6)*(-1 + 0). Give k(h).
-2
Let m be -1*((-25)/5 + 11). Let u(q) = -q**3 - 6*q**2 + 2*q + 7. Determine u(m).
-5
Let i(r) be the third derivative of r**6/40 + r**4/12 - r**3/6 - 4*r**2. Determine i(1).
4
Let x(b) = -b**3 - 8*b**2 - 10*b + 2. Let u be x(-7). Suppose 5*a - 2*r - u = 0, 3*a - 4*a - 2*r = -7. Let o(j) = -j**2 + a*j + 2 + 3 - 2*j. Give o(5).
-5
Let u(p) = -4*p**2 + 6*p - 4. Let g(s) = -3*s**2 + 5*s - 3. Let b(m) = m**3 + 4*m**2 + m. Let l be b(-4). Let f(t) = l*u(t) + 5*g(t). What is f(-2)?
3
Let u(z) = z. Suppose -p + 2*p = 0. Let n be u(p). Let g(c) be the third derivative of c**4/24 + 7*c**3/6 + c**2. Calculate g(n).
7
Let q(n) be the third derivative of -n**4/4 - 3*n**3/2 + n**2. Let c(p) = -2*p - 2*p + 5*p. Let h(a) = 5*c(a) + q(a). What is h(-4)?
-5
Let z be (-1 - 1)/2*(2 - 4). Let g(t) = -6*t**2 + 3*t. Give g(z).
-18
Let u(d) be the second derivative of -d**5/20 + d**4/6 + d**3 - 3*d**2/2 - d. What is u(4)?
-11
Let y(b) be the second derivative of 0 + 1/6*b**3 + 0*b**4 - b**2 + 7*b - 1/20*b**5. What is y(0)?
-2
Let z(i) = i**2 + 3*i - 5. Let u be z(-5). Let s = u + -3. Let v(k) = 3 - s*k + 0 + k**2 - 3*k. Give v(5).
3
Suppose -8 = -2*m, 0*w - 2*m = w - 13. Suppose w*h = 16 - 6. Let r(t) = 1 + 3*t - 2*t + 4*t - h*t. What is r(-1)?
-2
Let d(h) be the third derivative of h**5/60 + 7*h**4/24 - 4*h**3/3 - 2*h**2. Calculate d(-6).
-14
Suppose 6 = u + u. Let b(g) = -g**u - g + 5*g**3 - 3*g**2 + g**2. Suppose 3*j = 3*r + 3, -3*j + 2 = -2*r - 4*j. Determine b(r).
-5
Suppose -v + 5*v + 24 = 0. Let b(x) = x + 7. Give b(v).
1
Let v(k) be the third derivative of 11*k**4/24 + k**3/6 + 11*k**2. What is v(1)?
12
Let j = -20 + 19. Let z(v) = v**3 - v**2 + 5. Let f be z(0). Let q(y) = -1 + 0*y + 0 + f*y. Calculate q(j).
-6
Let w be (-1)/((-1)/(-4)) + 0. Let y(i) = -4*i**3 - 9*i**2 + 5*i + 3. Let c(k) = -k**3 - 2*k**2 + 1. Let b(t) = 3*c(t) - y(t). What is b(w)?
4
Let g(k) = -k**3 - 4*k**2 + 3. Let f be g(-4). Let l(a) = a**2 - 4*a + 1. Calculate l(f).
-2
Suppose -1 = n, 5*t - 2*t = n + 4. Let m(k) = k + k**3 + 6*k**3 - 2*k. What is m(t)?
6
Let d(i) = i + 3. Suppose -2*q = 5*z + 8, 0*z = q - z + 4. Calculate d(q).
-1
Let o = 6 - 3. Let n(s) = -2 + s + 0*s + 0*s. Give n(o).
1
Let u(d) = d**3 - 5*d**2 - 7*d - 3. Let k be 10 - (-8)/(1 + -3). What is u(k)?
-9
Let d(g) = g**2 - 3*g - 6. Let p = 2 - 0. Suppose p*m + 5*f - 20 = 0, -m - 4*f = -0*m - 13. Calculate d(m).
4
Let f(h) = -h**2 + 13*h + 4. Let b(c) = c**2 - 15*c - 3. Let r(y) = 3*b(y) + 4*f(y). Suppose 2*v - 4*v + 14 = 0. What is r(v)?
7
Suppose 3*q - 9 = -0*q. Suppose 3*k = -2*m - k + 2, 2*k = 5*m - 17. Let b(g) = g**3 + 3*g**2 - m + 3*g + 1 - 2*g**3. Give b(q).
7
Let h(y) = y**2 - 1. Let t(a) = 4*a**2 - 4. Let s(w) = 5*h(w) - t(w). Let m(p) = 11*p**2 + p - 5. Let d(c) = -m(c) + 6*s(c). Let u = -4 + 3. Calculate d(u).
-5
Let i(h) be the third derivative of -h**6/120 - h**5/12 - h**4/12 - h**3/3 + 21*h**2. Give i(-4).
-10
Let y(h) be the first derivative of -h**3/3 - 7*h**2/2 + 9*h + 2. Let a be y(-8). Let w(b) = 0*b - 13 + a - b. Determine w(-5).
-7
Let s(n) be the second derivative of -n**5/20 + 7*n**4/12 - n**3 + n**2 + 2*n. Let q be -4 - (-9 + -1 - 0). Give s(q).
2
Let b(i) = 14*i**2 - 27*i + 9. Let k(v) = 5*v**2 - 9*v + 3. Let m(q) = -4*b(q) + 11*k(q). What is m(6)?
15
Let h(o) = 4*o + 3 - 3*o + 4. Let c = 23 - 28. Let z be h(c). Let x(b) = -5*b - 2. Give x(z).
-12
Let r(d) = -d**3 - 2*d**2 - 3*d - 1. Let w be r(-2). Suppose -w*n - p - 1 = 0, 3*n + p - 3*p = -11. Let b(f) = -2*f**3 - f**2 + 1. Determine b(n).
2
Let r(h) = h + 6. Let c = 5 + -5. Suppose 5*t + 2*z + 24 = 0, 3*z + c*z - 33 = 4*t. What is r(t)?
0
Let b(i) = -i**2 + 4*i + 2. Let a be (-4)/((-16)/(-10))*-2. Give b(a).
-3
Let t(o) be the second derivative of o**4/4 - o**3/3 - 3*o**2/2 + 10*o. Give t(-2).
13
Let z(f) = f - 13. Let v = 1 - 7. Let q(h) = h - 12. Let s(a) = v*q(a) + 5*z(a). Calculate s(5).
2
Let b(k) = -5*k + 3*k - 1 + 2 + 7*k**2. Let y(s) be the first derivative of -s**4/4 - 3*s**3 - 7*s**2/2 + 9*s - 2. Let t be y(-8). Give b(t).
6
Let k(p) be the second derivative of p**5/30 + p**3/3 - 5*p**2/2 - 3*p. Let g(h) be the first derivative of k(h). Calculate g(-2).
10
Let i(z) = 5*z + 4 + 0*z**2 + 4*z**2 - 3*z**2. Let j(x) = -x**3 + 5*x**2 + 6*x - 5. Let b be j(6). Determine i(b).
4
Let m be (-2)/7 - (-38)/(-14). Let s(a) be the third derivative of 1/8*a**4 + 0 - 1/2*a**3 + 1/12*a**5 + 1/120*a**6 + 0*a - 3*a**2. Give s(m).
6
Let f(w) = 5*w**3 - 2*w**2 - 2*w - 1. Suppose -5*y = 2*t - 30, 0*y = -2*y - 2*t + 12. Let n(h) = h - 18. Let g be n(11). Let x = y + g. Calculate f(x).
-6
Let w(q) = 7*q**3 - 9*q**2 - 13*q. Let j(c) = c**3 - c**2 - c. Let t(a) = -6*j(a) + w(a). Give t(5).
15
Suppose 5*s = s - 4*c + 4, 4*s - 10 = -c. Let l(j) = -6*j - 4 + s + j. Determine l(-1).
4
Let t = -1 + 3. Let w(o) = -4*o - o + 0*o - 6*o**2 - 2 + 5*o**t. Give w(-4).
2
Let u(g) = g**2 + 10*g - 10. Let m(p) = -p**2 - 11*p + 10. Let o(c) = -6*m(c) - 7*u(c). Calculate o(-7).
-11
Let v(h) = -h**2 + 6*h - 3. Suppose 11 = 2*c + 1. Give v(c).
2
Let s(x) be the first derivative of -x**4/4 - 5*x**3/3 - 2*x**2 - 5*x + 1. Suppose 2 = -5*m + 4*o - 